highest common divisor of m and 544.
17
Suppose -35 = 2*g + 9. Let s = -13 - g. Calculate the highest common factor of s and 81.
9
Let j = -792 - -803. Calculate the highest common factor of 781 and j.
11
Suppose 5*d - 77865 = -24*d. What is the greatest common factor of 15 and d?
15
Let g be ((-18)/30)/(2/(-1540)). Calculate the highest common factor of g and 63.
21
Let q = -11 + 8. Let i(f) = f**3 + f**2 - 2*f. Let u be i(q). Let p be (-72)/u + (4 - 1). Calculate the greatest common divisor of 36 and p.
9
Suppose -2*z + 258 = 3*h - 5*z, z = 3*h - 252. Let a = h + 7. Let r = a + -54. Calculate the greatest common factor of r and 4.
4
Let z be (-64)/(-10) - 4/10. Let u(r) = 3*r - 18. Let a be u(9). What is the greatest common divisor of z and a?
3
Let s be (-6)/(-9) - 7/((-21)/622). Calculate the greatest common divisor of 26 and s.
26
Let s = -1747 - -1753. Let j = -2 + 2. Let x = 18 - j. What is the highest common divisor of x and s?
6
Let c(o) = -3*o**3 - 3*o**2 - o + 4. Let r be -3*(4 + 40/(-12)). Let h be c(r). Suppose k - 15 - h = 0. What is the greatest common factor of 11 and k?
11
Suppose v + 2*v - 6 = 0. Suppose 4*y = -5*k + 58, 4*k + 50 = 4*y + 5*k. Suppose -y = -t - v. What is the greatest common factor of 4 and t?
2
Let l(o) = -o**3 - o**2 + o + 4. Let u be l(-4). Let a = 87 - u. Calculate the highest common divisor of 312 and a.
39
Let k(z) = -178*z + 17. Let g be k(-1). What is the greatest common divisor of 15 and g?
15
Let d = 573 + -389. Suppose 0 = -7*v + 4*v - 3. Let c(a) = 23*a**2 - 2*a - 2. Let u be c(v). Calculate the greatest common factor of u and d.
23
Suppose 2530 = -18*z + 16804. What is the greatest common factor of z and 26?
13
Let i be (-6)/8 + (-63)/28. Let l be ((-6)/(-15))/(i/(-45)). Let y be 2*-7*(-12)/14. Calculate the highest common divisor of y and l.
6
Suppose -2*z + 2*u - 106 = 3*z, -5*u = -z - 12. Let j = -4 - z. Calculate the greatest common factor of j and 27.
9
Let n be (312/(-30))/((-1)/((-325)/(-10))). What is the greatest common divisor of n and 52?
26
Let u(s) be the first derivative of s**3/3 - 3*s**2 + 45*s + 34. Let w be u(9). Calculate the greatest common factor of w and 9.
9
Suppose 2*x - k - 1 = 0, -21 + 12 = -3*k. Calculate the highest common factor of 322 and x.
2
Let t = -48 - -54. Let u be (-7 - -4)*-1 - -51. What is the highest common factor of u and t?
6
Suppose -4*y = 20*g - 24*g - 212, -4*y = 3*g - 233. What is the highest common divisor of y and 8?
8
Suppose -2*w = 3*u + 2*w - 842, -u = -2*w - 294. What is the highest common factor of 88 and u?
22
Let z = -227 + 395. Suppose 5*i - 14 = -429. Let l = -59 - i. Calculate the greatest common factor of l and z.
24
Let d be (3/(-2) - 0)*7110/(-27). Calculate the highest common factor of 79 and d.
79
Let g = -1341 - -1439. Calculate the highest common factor of g and 448.
14
Let b(q) = -q**2 - 7*q + 2. Let p be b(-7). Suppose -p*r + 4*r = -52. Let i = r - -32. Calculate the highest common factor of i and 24.
6
Suppose 5 + 751 = 7*q. Let s = q - 39. Calculate the highest common factor of s and 46.
23
Let b(v) be the first derivative of -3*v**2/2 - 5*v + 1. Let p be b(-3). Suppose -p*q = -88 - 24. Calculate the greatest common divisor of 4 and q.
4
Suppose 5*k + 48 = 2*s, -3*k - 48 = -0*s - 2*s. What is the greatest common factor of 184 and s?
8
Let h be 63/12*(4 - 2 - -2). What is the highest common divisor of h and 12?
3
Let p = -115 - -194. Calculate the greatest common factor of p and 79.
79
Let a be 2/(-4) - (-4 + (-534)/12). What is the greatest common divisor of 40 and a?
8
Suppose 3*c = 12, 0*a + 68 = a - c. Suppose 8*h = a - 16. Calculate the greatest common divisor of h and 56.
7
Let k = 0 + 5. Suppose -k*d + 40 = -i, i + 2 + 3 = 0. Suppose -2*x + 4*w + 15 = d*w, 5 = 2*x + 5*w. What is the highest common factor of 15 and x?
15
Let a be (15/(-10))/(2/4). Let u be 5/(-10)*2*a. Let d be u/(-7) - (-157)/7. What is the greatest common divisor of 22 and d?
22
Suppose 0 = 3*n + o - 386, 0 = -n - 0*n - o + 130. Let v = 71 + -63. What is the highest common factor of n and v?
8
Let c = -161 + 189. Calculate the highest common divisor of c and 4.
4
Suppose -427*u - 180 = -432*u. Let y(w) = -54*w. Let o(j) = 55*j + 1. Let h(f) = 3*o(f) + 4*y(f). Let s be h(-7). What is the highest common factor of s and u?
36
Let a be (-4)/6 + (-2)/(-3). Suppose n - 6*n + 25 = a. Calculate the greatest common divisor of 5 and n.
5
Let w be ((-24)/(-10))/(6/20). Suppose 0 = -9*m + w*m + 7. Calculate the greatest common factor of m and 21.
7
Let c be 234/(-65)*10/(-4). Let q be (3/42*12)/(3/126). What is the highest common divisor of q and c?
9
Let c(r) = r - 12. Let s(u) = -u**3 - u + 6. Let l be s(0). Let d be c(l). Let v be (-81)/d*(-96)/(-9). Calculate the greatest common divisor of 16 and v.
16
Let i be 1 - (-6)/(-2) - 33. Let a be (570/(-4))/(-1)*(-28)/i. Calculate the greatest common factor of 6 and a.
6
Let l(w) = -w**2 - 7*w + 72. Let b be l(-10). What is the greatest common factor of 21 and b?
21
Let z = -1523 + 1579. What is the highest common divisor of 16 and z?
8
Let g = -21 + 43. Let m be -4 + 2 + (-1 - 8). Let x = m + g. Calculate the greatest common factor of x and 121.
11
Let c be ((-6)/(-3))/((-2)/(-9)). Suppose 3*t = -2*t + 20. Suppose 8*a = t*a + 288. Calculate the greatest common factor of c and a.
9
Let i be (12/(-8))/(6/(-1916)) + 6. What is the highest common factor of 97 and i?
97
Let s be -10*(204/(-54) - (-4)/(-18)). What is the highest common divisor of s and 140?
20
Suppose -r + 882 = 5*g, 4*g - g - 538 = -5*r. Suppose 4*o + 2*o - 96 = 0. Calculate the greatest common factor of o and g.
16
Let f be -4*(-4)/16 + -3. Let n be (-15)/(f/12*-2). Let r = n + 84. What is the highest common factor of 26 and r?
13
Let s = -1787 + 1803. Let b = -21 + 41. Calculate the greatest common factor of b and s.
4
Suppose 2408 = 6*y + 518. What is the greatest common divisor of y and 63?
63
Let d(f) = f**3 - 3*f**2 - 5*f + 47. Let a be d(6). Suppose -5*x + 116 = -134. What is the highest common factor of a and x?
25
Let z be (-6)/(-9) - (-12)/9. Let s be 3 + -1 + (-4)/z. Suppose s = 3*a - 4*a + 21. What is the highest common factor of a and 42?
21
Suppose -5*o + 5*n - 115 = 0, -1 = o + n + 12. Let b be -4*2/4 - o. Let z(r) = 4*r**2 + 7*r + 4. Let t be z(-4). What is the greatest common divisor of t and b?
8
Let s(u) = -2*u + 42. Let w be s(19). Suppose -v - 3*n - 5 = -2*v, -3*n + 5 = w*v. What is the highest common divisor of v and 14?
2
Let z(n) = 2*n**2 - 23*n + 2. Let r be z(-10). What is the greatest common factor of r and 24?
24
Let a = -9 - -32. Let w = a - 3. Suppose 0 = -5*r + 15, -m - 169 = -3*m - 3*r. Calculate the highest common divisor of w and m.
20
Suppose 2*d = -5*h - 3*d - 145, -5*h + 2*d = 152. Let k be (40/h)/((-2)/18). What is the highest common factor of k and 6?
6
Let r = -2198 + 2232. Calculate the greatest common factor of r and 527.
17
Suppose -4*x - 4*h = -488, 2*x - 252 = h + h. Let v be x/6 - (-18)/54. What is the highest common factor of 21 and v?
21
Suppose 0 = -3*z + 3*v + 990, -6*v + 4*v = 4. What is the greatest common divisor of z and 82?
82
Suppose -7*t = -5*t - 736. Suppose 0 = -5*z + z + t. What is the greatest common factor of 23 and z?
23
Suppose -w + 4 = -5*y, y + 16 = -0*y + 4*w. Let j be (-2 - y)/(5/(-65)). Calculate the highest common divisor of j and 13.
13
Suppose -4*r + 34 = -2*r + 3*y, 10 = -5*y. Suppose -5*j + 1518 = 48. Let s = j - 114. Calculate the highest common factor of r and s.
20
Let n be 8*(-3)/(-6) + (-3892)/(-7). What is the greatest common factor of 32 and n?
16
Let g be (-2 - 12/(-8))*0. Suppose -3*w = -2*w + 2*f - 15, g = 5*w + f - 30. Let l = 1 - -4. Calculate the highest common factor of w and l.
5
Let r = -6 - -8. Suppose -4*x - 3 = p - 6, 0 = 5*p + r*x - 15. Suppose -p*v + b = 5*b - 11, v - 1 = -4*b. What is the greatest common factor of 25 and v?
5
Suppose -210 = -9*c - 84. Calculate the highest common divisor of c and 308.
14
Let t be (-1 - 1) + 7 + -5. Suppose -4*c + 80 = -t*c. Calculate the greatest common divisor of 10 and c.
10
Suppose 2*g - 189 = -2*s - 13, -g = 4*s - 352. What is the greatest common factor of 33 and s?
11
Let h be (1*4/3)/(14/1974). Let k = 269 - h. Suppose 